s the hundreds digit of 1961?
9
What is the tens digit of 2665?
6
What is the units digit of 2594?
4
What is the thousands digit of 75242?
5
What is the units digit of 17?
7
What is the tens digit of 760?
6
What is the tens digit of 439?
3
What is the units digit of 5744?
4
What is the ten thousands digit of 34241?
3
What is the tens digit of 855?
5
What is the ten thousands digit of 25225?
2
What is the hundreds digit of 603?
6
What is the units digit of 806?
6
What is the units digit of 391?
1
What is the thousands digit of 2161?
2
What is the units digit of 662?
2
What is the units digit of 8111?
1
What is the units digit of 23658?
8
What is the units digit of 36520?
0
What is the thousands digit of 5333?
5
What is the tens digit of 2726?
2
What is the units digit of 3509?
9
What is the ten thousands digit of 52704?
5
What is the tens digit of 31?
3
What is the units digit of 1075?
5
What is the hundreds digit of 37205?
2
What is the units digit of 45676?
6
What is the hundreds digit of 58561?
5
What is the thousands digit of 39810?
9
What is the units digit of 5069?
9
What is the hundreds digit of 18301?
3
What is the thousands digit of 4809?
4
What is the hundreds digit of 7803?
8
What is the units digit of 16779?
9
What is the units digit of 737?
7
What is the hundreds digit of 4187?
1
What is the tens digit of 4347?
4
What is the units digit of 2749?
9
What is the hundreds digit of 144?
1
What is the units digit of 9642?
2
What is the units digit of 2053?
3
What is the units digit of 4766?
6
What is the units digit of 15474?
4
What is the tens digit of 53084?
8
What is the tens digit of 4880?
8
What is the tens digit of 3401?
0
What is the hundreds digit of 9527?
5
What is the tens digit of 7519?
1
What is the thousands digit of 1583?
1
What is the units digit of 3750?
0
What is the thousands digit of 1979?
1
What is the tens digit of 171683?
8
What is the ten thousands digit of 14708?
1
What is the thousands digit of 31240?
1
What is the ten thousands digit of 30622?
3
What is the tens digit of 2758?
5
What is the thousands digit of 61884?
1
What is the thousands digit of 79618?
9
What is the hundreds digit of 1080?
0
What is the thousands digit of 54279?
4
What is the ten thousands digit of 28276?
2
What is the units digit of 96822?
2
What is the units digit of 7872?
2
What is the units digit of 6418?
8
What is the units digit of 68731?
1
What is the hundreds digit of 9660?
6
What is the tens digit of 3985?
8
What is the thousands digit of 5350?
5
What is the thousands digit of 1275?
1
What is the tens digit of 6863?
6
What is the units digit of 973?
3
What is the units digit of 7679?
9
What is the units digit of 3662?
2
What is the units digit of 211?
1
What is the units digit of 2810?
0
What is the units digit of 74921?
1
What is the tens digit of 43764?
6
What is the units digit of 209?
9
What is the hundreds digit of 658?
6
What is the hundreds digit of 3366?
3
What is the tens digit of 5873?
7
What is the ten thousands digit of 158459?
5
What is the units digit of 32655?
5
What is the tens digit of 2067?
6
What is the units digit of 3712?
2
What is the units digit of 15098?
8
What is the hundreds digit of 454?
4
What is the tens digit of 99399?
9
What is the units digit of 202?
2
What is the hundreds digit of 11264?
2
What is the tens digit of 590?
9
What is the units digit of 2080?
0
What is the tens digit of 2576?
7
What is the tens digit of 986?
8
What is the hundreds digit of 17588?
5
What is the hundreds digit of 7594?
5
What is the hundreds digit of 510?
5
What is the hundreds digit of 154?
1
What is the tens digit of 2038?
3
What is the tens digit of 8928?
2
What is the units digit of 52121?
1
What is the tens digit of 4971?
7
What is the tens digit of 1370?
7
What is the tens digit of 733?
3
What is the units digit of 741?
1
What is the thousands digit of 2476?
2
What is the thousands digit of 7680?
7
What is the units digit of 69332?
2
What is the tens digit of 970?
7
What is the tens digit of 4651?
5
What is the hundreds digit of 15023?
0
What is the tens digit of 1234?
3
What is the tens digit of 26472?
7
What is the tens digit of 43419?
1
What is the units digit of 1836?
6
What is the hundreds digit of 394?
3
What is the thousands digit of 3728?
3
What is the units digit of 7?
7
What is the tens digit of 923?
2
What is the hundreds digit of 6919?
9
What is the units digit of 74113?
3
What is the tens digit of 66262?
6
What is the ten thousands digit of 102065?
0
What is the hundreds digit of 166?
1
What is the units digit of 652?
2
What is the tens digit of 219?
1
What is the units digit of 631?
1
What is the units digit of 618?
8
What is the hundreds digit of 5569?
5
What is the hundreds digit of 4136?
1
What is the hundreds digit of 41049?
0
What is the units digit of 3832?
2
What is the tens digit of 633?
3
What is the thousands digit of 3659?
3
What is the ten thousands digit of 24807?
2
What is the ten thousands digit of 80986?
8
What is the tens digit of 21457?
5
What is the tens digit of 16756?
5
What is the thousands digit of 1695?
1
What is the hundreds digit of 39027?
0
What is the units digit of 2566?
6
What is the tens digit of 3380?
8
What is the ten thousands digit of 13655?
1
What is the thousands digit of 4528?
4
What is the hundreds digit of 5625?
6
What is the ten thousands digit of 78967?
7
What is the tens digit of 4190?
9
What is the units digit of 28264?
4
What is the tens digit of 584?
8
What is the units digit of 558?
8
What is the units digit of 18329?
9
What is the hundreds digit of 1048?
0
What is the ten thousands digit of 44483?
4
What is the thousands digit of 1858?
1
What is the units digit of 4688?
8
What is the tens digit of 7179?
7
What is the units digit of 2005?
5
What is the hundreds digit of 57927?
9
What is the thousands digit of 186287?
6
What is the thousands digit of 39290?
9
What is the tens digit of 493?
9
What is the hundreds digit of 38185?
1
What is the hundreds digit of 11818?
8
What is the units digit of 3518?
8
What is the tens digit of 964?
6
What is the units digit of 2812?
2
What is the units digit of 584?
4
What is the units digit of 2355?
5
What is the hundred thousands digit of 186018?
1
What is the hundreds digit of 6132?
1
What is the tens digit of 159?
5
What is the hundreds digit of 1922?
9
What is the hundreds digit of 191?
1
What is the ten thousands digit of 68972?
6
What is the hundreds digit of 754?
7
What is the units digit of 15024?
4
What is the hundreds digit of 62461?
4
What is the units digit of 8165?
5
What is the units digit of 117037?
7
What is the units digit of 108378?
8
What is the tens digit of 136758?
5
What is the tens digit of 2479?
7
What is the hundreds digit of 20424?
4
What is the hundreds digit of 6348?
3
What is the tens digit of 6124?
2
What is the hundreds digit of 1481?
4
What is the thousands digit of 1710?
1
What is the hundreds digit of 1327?
3
What is the tens digit of 4724?
2
What is the thousands digit of 7400?
7
What is the thousands digit of 1766?
1
What is the hundreds digit of 9417?
4
What is the hundreds digit of 37153?
1
What is the units digit of 3391?
1
What is the tens digit of 162355?
5
What is the hundreds digit of 1260?
2
What is the units digit of 10773?
3
What is the tens digit of 28163?
6
What is the hundreds digit of 44309?
3
What is the tens digit of 321?
2
What is the tens digit of 52053?
5
What is the units digit of 25555?
5
What is the thousands digit of 113555?
3
What is the tens digit of 1104?
0
What is the thousands digit of 3909?
3
What is the tens digit of 854?
5
What is the hundreds digit of 7769?
7
What is the units digit of 8801?
1
What is the hundreds digit of 3266?
2
What is the hundreds digit of 687?
6
What is the units digit of 1012?
2
What is the tens digit of 4271?
7
What is the units digit of 958?
8
What is the thousands digit of 5135?
5
What is the units digit of 28174?
4
What is the ten thousands digit of 21236?
2
What is the hundreds digit of 5432?
4
What is the hundreds digit of 20733?
7
What is the tens digit of 73?
7
What is the thousands digit of 8998?
8
What is the tens digit of 136?
3
What is the units digit of 7108?
8
What is the units digit of 37451?
1
What is the units dig